{"id":23695,"date":"2024-08-16T13:33:48","date_gmt":"2024-08-16T11:33:48","guid":{"rendered":"https:\/\/stage-fp.webenv.pl\/?page_id=23695"},"modified":"2025-05-13T08:11:14","modified_gmt":"2025-05-13T06:11:14","slug":"klienci-i-potencjalni-klienci","status":"publish","type":"page","link":"https:\/\/www.future-processing.com\/pl\/polityka-prywatnosci\/klienci-i-potencjalni-klienci\/","title":{"rendered":"Klienci i potencjalni klienci"},"content":{"rendered":"\t\t<div data-elementor-type=\"wp-page\" data-elementor-id=\"23695\" class=\"elementor elementor-23695\" data-elementor-post-type=\"page\">\n\t\t\t\t<div class=\"elementor-element elementor-element-a62559e e-con-full e-flex e-con e-parent\" data-id=\"a62559e\" data-element_type=\"container\" data-e-type=\"container\">\n\t\t<div class=\"elementor-element elementor-element-df228fa e-con-full e-flex e-con e-child\" data-id=\"df228fa\" data-element_type=\"container\" data-e-type=\"container\">\n\t\t\t\t<div class=\"elementor-element elementor-element-edb83fd elementor-widget elementor-widget-fp_breadcrumbs_links\" data-id=\"edb83fd\" data-element_type=\"widget\" data-e-type=\"widget\" data-widget_type=\"fp_breadcrumbs_links.default\">\n\t\t\t\t<div class=\"elementor-widget-container\">\n\t\t\t\t\t        <div\n            class=\"o-breadcrumbs__links  o-breadcrumbs\">\n            <div\n                class=\"o-breadcrumbs__links  e-con e-con-boxed o-breadcrumbs__links--added\">\n                                                                                                    <a\n                            href=\"https:\/\/www.future-processing.com\/pl\/polityka-prywatnosci\/\"\n                            class=\"o-breadcrumbs__link\"\n                            data-elementclick=\"Breadcrumbs link\"\n                            data-elementname=\"Polityka prywatno\u015bci\"\n                        >\n                            Polityka prywatno\u015bci                        <\/a>\n                                                                                    <span>Klienci i potencjalni klienci<\/span>\n            <\/div>\n        <\/div>\n        \t\t\t\t<\/div>\n\t\t\t\t<\/div>\n\t\t\t\t<\/div>\n\t\t<div class=\"elementor-element elementor-element-b6a8d52 e-flex e-con-boxed e-con e-child\" data-id=\"b6a8d52\" data-element_type=\"container\" data-e-type=\"container\">\n\t\t\t\t\t<div class=\"e-con-inner\">\n\t\t\t\t<div class=\"elementor-element elementor-element-174284b elementor-widget elementor-widget-fp_header\" data-id=\"174284b\" data-element_type=\"widget\" data-e-type=\"widget\" data-widget_type=\"fp_header.default\">\n\t\t\t\t<div class=\"elementor-widget-container\">\n\t\t\t\t\t        <h2        class=\"f-headline-semi-large f-headline-semi-large--light                \"\n        >\n        <div ><strong>Administrator Danych Osobowych\n<\/strong><\/div>\n        <\/h2>\n        \t\t\t\t<\/div>\n\t\t\t\t<\/div>\n\t\t\t\t<div class=\"elementor-element elementor-element-b866f63 elementor-widget elementor-widget-text-editor\" data-id=\"b866f63\" data-element_type=\"widget\" data-e-type=\"widget\" data-widget_type=\"text-editor.default\">\n\t\t\t\t<div class=\"elementor-widget-container\">\n\t\t\t\t\t\t\t\t\t<p>Administratorem Twoich danych osobowych jest Future Processing S.A. z siedzib\u0105 w Gliwicach, ul. Bojkowska 37A, 44-100 Gliwice, wpisana do rejestru przedsi\u0119biorc\u00f3w przez S\u0105d Rejonowy w Gliwicach, Wydzia\u0142 X Gospodarczy KRS pod numerem KRS 0000817352, NIP 634-25-32-128, REGON 278263445.<\/p>\t\t\t\t\t\t\t\t<\/div>\n\t\t\t\t<\/div>\n\t\t\t\t<div class=\"elementor-element elementor-element-96b8527 elementor-widget elementor-widget-fp_header\" data-id=\"96b8527\" data-element_type=\"widget\" data-e-type=\"widget\" data-widget_type=\"fp_header.default\">\n\t\t\t\t<div class=\"elementor-widget-container\">\n\t\t\t\t\t        <h2        class=\"f-headline-semi-large f-headline-semi-large--light                \"\n        >\n        <div ><p><strong>Kontakt w sprawie Twoich danych<\/strong><\/p><\/div>\n        <\/h2>\n        \t\t\t\t<\/div>\n\t\t\t\t<\/div>\n\t\t\t\t<div class=\"elementor-element elementor-element-dbdafbe elementor-widget elementor-widget-text-editor\" data-id=\"dbdafbe\" data-element_type=\"widget\" data-e-type=\"widget\" data-widget_type=\"text-editor.default\">\n\t\t\t\t<div class=\"elementor-widget-container\">\n\t\t\t\t\t\t\t\t\t<p>W sprawach zwi\u0105zanych z przetwarzaniem Twoich danych osobowych mo\u017cesz skontaktowa\u0107 si\u0119 z nami wysy\u0142aj\u0105c wiadomo\u015b\u0107 e-mail adres: <a href=\"mailto:rodo@future-processing.com\">rodo@future-processing.com<\/a>.<\/p>\t\t\t\t\t\t\t\t<\/div>\n\t\t\t\t<\/div>\n\t\t\t\t<div class=\"elementor-element elementor-element-78ce286 elementor-widget elementor-widget-fp_header\" data-id=\"78ce286\" data-element_type=\"widget\" data-e-type=\"widget\" data-widget_type=\"fp_header.default\">\n\t\t\t\t<div class=\"elementor-widget-container\">\n\t\t\t\t\t        <h2        class=\"f-headline-semi-large f-headline-semi-large--light                \"\n        >\n        <div ><strong>Cele i podstawy przetwarzania danych\n<\/strong><\/div>\n        <\/h2>\n        \t\t\t\t<\/div>\n\t\t\t\t<\/div>\n\t\t<div class=\"elementor-element elementor-element-41d86dc e-grid e-con-full e-con e-child\" data-id=\"41d86dc\" data-element_type=\"container\" data-e-type=\"container\">\n\t\t<div class=\"elementor-element elementor-element-9e71914 e-con-full e-flex e-con e-child\" data-id=\"9e71914\" data-element_type=\"container\" data-e-type=\"container\" data-settings=\"{&quot;background_background&quot;:&quot;classic&quot;}\">\n\t\t\t\t<div class=\"elementor-element elementor-element-a2c1d8f elementor-widget elementor-widget-fp_header\" data-id=\"a2c1d8f\" data-element_type=\"widget\" data-e-type=\"widget\" data-widget_type=\"fp_header.default\">\n\t\t\t\t<div class=\"elementor-widget-container\">\n\t\t\t\t\t        <h3        class=\"f-paragraph                \"\n        >\n        <div ><p>CEL PRZETWARZANIA<\/p><\/div>\n        <\/h3>\n        \t\t\t\t<\/div>\n\t\t\t\t<\/div>\n\t\t\t\t<\/div>\n\t\t<div class=\"elementor-element elementor-element-3d0e1e0 e-con-full e-flex e-con e-child\" data-id=\"3d0e1e0\" data-element_type=\"container\" data-e-type=\"container\" data-settings=\"{&quot;background_background&quot;:&quot;classic&quot;}\">\n\t\t\t\t<div class=\"elementor-element elementor-element-f0990cd elementor-widget elementor-widget-fp_header\" data-id=\"f0990cd\" data-element_type=\"widget\" data-e-type=\"widget\" data-widget_type=\"fp_header.default\">\n\t\t\t\t<div class=\"elementor-widget-container\">\n\t\t\t\t\t        <h3        class=\"f-paragraph                \"\n        >\n        <div ><p>PODSTAWA PRAWNA<\/p><\/div>\n        <\/h3>\n        \t\t\t\t<\/div>\n\t\t\t\t<\/div>\n\t\t\t\t<\/div>\n\t\t<div class=\"elementor-element elementor-element-58dd932 e-con-full e-flex e-con e-child\" data-id=\"58dd932\" data-element_type=\"container\" data-e-type=\"container\">\n\t\t\t\t<div class=\"elementor-element elementor-element-103fab7 elementor-widget elementor-widget-text-editor\" data-id=\"103fab7\" data-element_type=\"widget\" data-e-type=\"widget\" data-widget_type=\"text-editor.default\">\n\t\t\t\t<div class=\"elementor-widget-container\">\n\t\t\t\t\t\t\t\t\tNawi\u0105zywanie relacji handlowych oraz sprzeda\u017c us\u0142ug\t\t\t\t\t\t\t\t\t<\/div>\n\t\t\t\t<\/div>\n\t\t\t\t<\/div>\n\t\t<div class=\"elementor-element elementor-element-dc20252 e-con-full e-flex e-con e-child\" data-id=\"dc20252\" data-element_type=\"container\" data-e-type=\"container\">\n\t\t\t\t<div class=\"elementor-element elementor-element-44acad1 elementor-widget elementor-widget-text-editor\" data-id=\"44acad1\" data-element_type=\"widget\" data-e-type=\"widget\" data-widget_type=\"text-editor.default\">\n\t\t\t\t<div class=\"elementor-widget-container\">\n\t\t\t\t\t\t\t\t\tart. 6 ust. 1 lit. f) RODO\nUzasadniony interes (d\u0105\u017cenie do sprzeda\u017cy us\u0142ug)\t\t\t\t\t\t\t\t<\/div>\n\t\t\t\t<\/div>\n\t\t\t\t<\/div>\n\t\t<div class=\"elementor-element elementor-element-b034b65 e-con-full e-flex e-con e-child\" data-id=\"b034b65\" data-element_type=\"container\" data-e-type=\"container\">\n\t\t\t\t<div class=\"elementor-element elementor-element-a3f948a elementor-widget elementor-widget-text-editor\" data-id=\"a3f948a\" data-element_type=\"widget\" data-e-type=\"widget\" data-widget_type=\"text-editor.default\">\n\t\t\t\t<div class=\"elementor-widget-container\">\n\t\t\t\t\t\t\t\t\t<p>Zawieranie oraz wykonywanie um\u00f3w<\/p>\t\t\t\t\t\t\t\t<\/div>\n\t\t\t\t<\/div>\n\t\t\t\t<\/div>\n\t\t<div class=\"elementor-element elementor-element-ef0c89f e-con-full e-flex e-con e-child\" data-id=\"ef0c89f\" data-element_type=\"container\" data-e-type=\"container\">\n\t\t\t\t<div class=\"elementor-element elementor-element-353b24f elementor-widget elementor-widget-text-editor\" data-id=\"353b24f\" data-element_type=\"widget\" data-e-type=\"widget\" data-widget_type=\"text-editor.default\">\n\t\t\t\t<div class=\"elementor-widget-container\">\n\t\t\t\t\t\t\t\t\tart. 6 ust. 1 lit. b) RODO\nPodejmowanie dzia\u0142a\u0144 przed zawarciem umowy oraz wykonanie umowy\t\t\t\t\t\t\t\t<\/div>\n\t\t\t\t<\/div>\n\t\t\t\t<\/div>\n\t\t<div class=\"elementor-element elementor-element-7f00d2d e-con-full e-flex e-con e-child\" data-id=\"7f00d2d\" data-element_type=\"container\" data-e-type=\"container\">\n\t\t\t\t<div class=\"elementor-element elementor-element-8794495 elementor-widget elementor-widget-text-editor\" data-id=\"8794495\" data-element_type=\"widget\" data-e-type=\"widget\" data-widget_type=\"text-editor.default\">\n\t\t\t\t<div class=\"elementor-widget-container\">\n\t\t\t\t\t\t\t\t\t<p>Badanie zadowolenia z realizacji us\u0142ug na rzecz klienta<\/p>\t\t\t\t\t\t\t\t<\/div>\n\t\t\t\t<\/div>\n\t\t\t\t<\/div>\n\t\t<div class=\"elementor-element elementor-element-f6374d2 e-con-full e-flex e-con e-child\" data-id=\"f6374d2\" data-element_type=\"container\" data-e-type=\"container\">\n\t\t\t\t<div class=\"elementor-element elementor-element-4ee62eb elementor-widget elementor-widget-text-editor\" data-id=\"4ee62eb\" data-element_type=\"widget\" data-e-type=\"widget\" data-widget_type=\"text-editor.default\">\n\t\t\t\t<div class=\"elementor-widget-container\">\n\t\t\t\t\t\t\t\t\t<p>art. 6 ust. 1 lit. f) RODO <br \/>Uzasadniony interes (ocena realizacji us\u0142ug)<\/p>\t\t\t\t\t\t\t\t<\/div>\n\t\t\t\t<\/div>\n\t\t\t\t<\/div>\n\t\t<div class=\"elementor-element elementor-element-9b8d5e8 e-con-full e-flex e-con e-child\" data-id=\"9b8d5e8\" data-element_type=\"container\" data-e-type=\"container\">\n\t\t\t\t<div class=\"elementor-element elementor-element-deb618e elementor-widget elementor-widget-text-editor\" data-id=\"deb618e\" data-element_type=\"widget\" data-e-type=\"widget\" data-widget_type=\"text-editor.default\">\n\t\t\t\t<div class=\"elementor-widget-container\">\n\t\t\t\t\t\t\t\t\t\u015aci\u0105ganie nale\u017cno\u015bci\t\t\t\t\t\t\t\t<\/div>\n\t\t\t\t<\/div>\n\t\t\t\t<\/div>\n\t\t<div class=\"elementor-element elementor-element-3bb47ef e-con-full e-flex e-con e-child\" data-id=\"3bb47ef\" data-element_type=\"container\" data-e-type=\"container\">\n\t\t\t\t<div class=\"elementor-element elementor-element-f03a902 elementor-widget elementor-widget-text-editor\" data-id=\"f03a902\" data-element_type=\"widget\" data-e-type=\"widget\" data-widget_type=\"text-editor.default\">\n\t\t\t\t<div class=\"elementor-widget-container\">\n\t\t\t\t\t\t\t\t\tart. 6 ust. 1 lit. f) RODO\nUzasadniony interes (utrzymanie p\u0142ynno\u015bci finansowej)\t\t\t\t\t\t\t\t<\/div>\n\t\t\t\t<\/div>\n\t\t\t\t<\/div>\n\t\t<div class=\"elementor-element elementor-element-9dc40ca e-con-full e-flex e-con e-child\" data-id=\"9dc40ca\" data-element_type=\"container\" data-e-type=\"container\">\n\t\t\t\t<div class=\"elementor-element elementor-element-cc4e3f4 elementor-widget elementor-widget-text-editor\" data-id=\"cc4e3f4\" data-element_type=\"widget\" data-e-type=\"widget\" data-widget_type=\"text-editor.default\">\n\t\t\t\t<div class=\"elementor-widget-container\">\n\t\t\t\t\t\t\t\t\tProwadzenie dokumentacji ksi\u0119gowo \u2013 podatkowej\t\t\t\t\t\t\t\t\t<\/div>\n\t\t\t\t<\/div>\n\t\t\t\t<\/div>\n\t\t<div class=\"elementor-element elementor-element-5a85c81 e-con-full e-flex e-con e-child\" data-id=\"5a85c81\" data-element_type=\"container\" data-e-type=\"container\">\n\t\t\t\t<div class=\"elementor-element elementor-element-cdbd4ab elementor-widget elementor-widget-text-editor\" data-id=\"cdbd4ab\" data-element_type=\"widget\" data-e-type=\"widget\" data-widget_type=\"text-editor.default\">\n\t\t\t\t<div class=\"elementor-widget-container\">\n\t\t\t\t\t\t\t\t\tart. 6 ust. 1 lit. c) RODO, art. 74 Ustawy o Rachunkowo\u015bci\nObowi\u0105zek prawny\t\t\t\t\t\t\t\t<\/div>\n\t\t\t\t<\/div>\n\t\t\t\t<\/div>\n\t\t<div class=\"elementor-element elementor-element-1b28061 e-con-full e-flex e-con e-child\" data-id=\"1b28061\" data-element_type=\"container\" data-e-type=\"container\">\n\t\t\t\t<div class=\"elementor-element elementor-element-3935b65 elementor-widget elementor-widget-text-editor\" data-id=\"3935b65\" data-element_type=\"widget\" data-e-type=\"widget\" data-widget_type=\"text-editor.default\">\n\t\t\t\t<div class=\"elementor-widget-container\">\n\t\t\t\t\t\t\t\t\tDochodzenie roszcze\u0144 i obrona przed roszczeniami\t\t\t\t\t\t\t\t<\/div>\n\t\t\t\t<\/div>\n\t\t\t\t<\/div>\n\t\t<div class=\"elementor-element elementor-element-6f1acbe e-con-full e-flex e-con e-child\" data-id=\"6f1acbe\" data-element_type=\"container\" data-e-type=\"container\">\n\t\t\t\t<div class=\"elementor-element elementor-element-b805dce elementor-widget elementor-widget-text-editor\" data-id=\"b805dce\" data-element_type=\"widget\" data-e-type=\"widget\" data-widget_type=\"text-editor.default\">\n\t\t\t\t<div class=\"elementor-widget-container\">\n\t\t\t\t\t\t\t\t\tart. 6 ust. 1 lit. f) RODO\nUzasadniony interes (ochrona interes\u00f3w przedsi\u0119biorcy)\t\t\t\t\t\t\t\t<\/div>\n\t\t\t\t<\/div>\n\t\t\t\t<\/div>\n\t\t<div class=\"elementor-element elementor-element-83ae418 e-con-full e-flex e-con e-child\" data-id=\"83ae418\" data-element_type=\"container\" data-e-type=\"container\">\n\t\t\t\t<div class=\"elementor-element elementor-element-04e8d6f elementor-widget elementor-widget-text-editor\" data-id=\"04e8d6f\" data-element_type=\"widget\" data-e-type=\"widget\" data-widget_type=\"text-editor.default\">\n\t\t\t\t<div class=\"elementor-widget-container\">\n\t\t\t\t\t\t\t\t\tMarketing us\u0142ug w\u0142asnych\t\t\t\t\t\t\t\t<\/div>\n\t\t\t\t<\/div>\n\t\t\t\t<\/div>\n\t\t<div class=\"elementor-element elementor-element-8525453 e-con-full e-flex e-con e-child\" data-id=\"8525453\" data-element_type=\"container\" data-e-type=\"container\">\n\t\t\t\t<div class=\"elementor-element elementor-element-b4a0165 elementor-widget elementor-widget-text-editor\" data-id=\"b4a0165\" data-element_type=\"widget\" data-e-type=\"widget\" data-widget_type=\"text-editor.default\">\n\t\t\t\t<div class=\"elementor-widget-container\">\n\t\t\t\t\t\t\t\t\tart. 6 ust. 1 lit. f) RODO\nUzasadniony interes (d\u0105\u017cenie do sprzeda\u017cy us\u0142ug i dbanie o wizerunek przedsi\u0119biorcy)\t\t\t\t\t\t\t\t<\/div>\n\t\t\t\t<\/div>\n\t\t\t\t<\/div>\n\t\t<div class=\"elementor-element elementor-element-f873a81 e-con-full e-flex e-con e-child\" data-id=\"f873a81\" data-element_type=\"container\" data-e-type=\"container\">\n\t\t\t\t<div class=\"elementor-element elementor-element-3fb1770 elementor-widget elementor-widget-text-editor\" data-id=\"3fb1770\" data-element_type=\"widget\" data-e-type=\"widget\" data-widget_type=\"text-editor.default\">\n\t\t\t\t<div class=\"elementor-widget-container\">\n\t\t\t\t\t\t\t\t\tMarketing us\u0142ug partner\u00f3w biznesowych\t\t\t\t\t\t\t\t<\/div>\n\t\t\t\t<\/div>\n\t\t\t\t<\/div>\n\t\t<div class=\"elementor-element elementor-element-7d63822 e-con-full e-flex e-con e-child\" data-id=\"7d63822\" data-element_type=\"container\" data-e-type=\"container\">\n\t\t\t\t<div class=\"elementor-element elementor-element-97f2117 elementor-widget elementor-widget-text-editor\" data-id=\"97f2117\" data-element_type=\"widget\" data-e-type=\"widget\" data-widget_type=\"text-editor.default\">\n\t\t\t\t<div class=\"elementor-widget-container\">\n\t\t\t\t\t\t\t\t\tart. 6 ust. 1 lit. f) RODO\nUzasadniony interes (d\u0105\u017cenie do sprzeda\u017cy us\u0142ug oraz promowanie partner\u00f3w biznesowych)\t\t\t\t\t\t\t\t<\/div>\n\t\t\t\t<\/div>\n\t\t\t\t<\/div>\n\t\t\t\t<\/div>\n\t\t\t\t<div class=\"elementor-element elementor-element-8b15c63 elementor-widget elementor-widget-fp_header\" data-id=\"8b15c63\" data-element_type=\"widget\" data-e-type=\"widget\" data-widget_type=\"fp_header.default\">\n\t\t\t\t<div class=\"elementor-widget-container\">\n\t\t\t\t\t        <h2        class=\"f-headline-semi-large f-headline-semi-large--light                \"\n        >\n        <div ><strong>Zakres danych<\/strong><\/div>\n        <\/h2>\n        \t\t\t\t<\/div>\n\t\t\t\t<\/div>\n\t\t\t\t<div class=\"elementor-element elementor-element-0e37909 elementor-widget elementor-widget-text-editor\" data-id=\"0e37909\" data-element_type=\"widget\" data-e-type=\"widget\" data-widget_type=\"text-editor.default\">\n\t\t\t\t<div class=\"elementor-widget-container\">\n\t\t\t\t\t\t\t\t\t<p>Dane gromadzimy na kilka sposob\u00f3w:<\/p><ul><li>bezpo\u015brednio od Ciebie,<\/li><li>z og\u00f3lnodost\u0119pnych \u017ar\u00f3de\u0142, jak strony internetowe Twojej firmy lub portale biznesowe (takie jak LinkedIn)<\/li><li>automatycznie (np. poprzez wizyty na naszych stronach internetowych)<\/li><li>od os\u00f3b trzecich, w tym g\u0142\u00f3wnie z polecenia<\/li><li>od naszych partner\u00f3w i firm zajmuj\u0105cych si\u0119 analizami rynku (takimi jak np. Cognism lub DemandBase)<\/li><\/ul><p>Dane, jakie gromadzimy, to przede wszystkim: imi\u0119, nazwisko, email, numer telefonu, \u017ar\u00f3d\u0142o danych. Je\u015bli jest to uzasadnione, to w ramach wsp\u00f3\u0142pracy mo\u017cemy pozyskiwa\u0107 dodatkowe dane, w zale\u017cno\u015bci od potrzeb.<\/p>\t\t\t\t\t\t\t\t<\/div>\n\t\t\t\t<\/div>\n\t\t\t\t<div class=\"elementor-element elementor-element-c2ef588 elementor-widget elementor-widget-fp_header\" data-id=\"c2ef588\" data-element_type=\"widget\" data-e-type=\"widget\" data-widget_type=\"fp_header.default\">\n\t\t\t\t<div class=\"elementor-widget-container\">\n\t\t\t\t\t        <h2        class=\"f-headline-semi-large f-headline-semi-large--light                \"\n        >\n        <div ><strong>Odbiorcy danych osobowych\n<\/strong><\/div>\n        <\/h2>\n        \t\t\t\t<\/div>\n\t\t\t\t<\/div>\n\t\t\t\t<div class=\"elementor-element elementor-element-c2b6261 elementor-widget elementor-widget-text-editor\" data-id=\"c2b6261\" data-element_type=\"widget\" data-e-type=\"widget\" data-widget_type=\"text-editor.default\">\n\t\t\t\t<div class=\"elementor-widget-container\">\n\t\t\t\t\t\t\t\t\t<p>Mo\u017cemy przekazywa\u0107 Twoje dane osobowe podmiotom, realizuj\u0105cym us\u0142ugi w imieniu lub na nasz\u0105 rzecz, (m.in. podmiotom realizuj\u0105cym obs\u0142ug\u0119 formularza kontaktowego, newslettera, poczty elektronicznej, hostingu, wsparcia technicznego, us\u0142ugi konsultingowe lub audytowe).<\/p><p>Je\u015bli wyrazi\u0142e\u015b na to zgod\u0119, mo\u017cemy przekazywa\u0107 Twoje dane naszym partnerom biznesowym.<\/p>\t\t\t\t\t\t\t\t<\/div>\n\t\t\t\t<\/div>\n\t\t\t\t<div class=\"elementor-element elementor-element-faba285 elementor-widget elementor-widget-fp_header\" data-id=\"faba285\" data-element_type=\"widget\" data-e-type=\"widget\" data-widget_type=\"fp_header.default\">\n\t\t\t\t<div class=\"elementor-widget-container\">\n\t\t\t\t\t        <h2        class=\"f-headline-semi-large f-headline-semi-large--light                \"\n        >\n        <div ><strong>Okres przetwarzania danych\n<\/strong><\/div>\n        <\/h2>\n        \t\t\t\t<\/div>\n\t\t\t\t<\/div>\n\t\t\t\t<div class=\"elementor-element elementor-element-f17cb49 elementor-widget elementor-widget-text-editor\" data-id=\"f17cb49\" data-element_type=\"widget\" data-e-type=\"widget\" data-widget_type=\"text-editor.default\">\n\t\t\t\t<div class=\"elementor-widget-container\">\n\t\t\t\t\t\t\t\t\t<p>B\u0119dziemy przetwarza\u0107 Twoje dane osobowe do czasu zg\u0142oszenia przez Ciebie sprzeciwu wobec takiego przetwarzania, do czasu zako\u0144czenia um\u00f3w lub tak d\u0142ugo, jak to jest wymagane przepisami prawa.<\/p><p>Mo\u017cemy tak\u017ce zachowa\u0107 dane (lub ich cz\u0119\u015b\u0107) w celu ustalenia, dochodzenia lub obrony przed roszczeniami, nie d\u0142u\u017cej ni\u017c przez 10 lat od zako\u0144czenia wsp\u00f3\u0142pracy.<\/p>\t\t\t\t\t\t\t\t<\/div>\n\t\t\t\t<\/div>\n\t\t\t\t<div class=\"elementor-element elementor-element-e5041fd elementor-widget elementor-widget-fp_header\" data-id=\"e5041fd\" data-element_type=\"widget\" data-e-type=\"widget\" data-widget_type=\"fp_header.default\">\n\t\t\t\t<div class=\"elementor-widget-container\">\n\t\t\t\t\t        <h2        class=\"f-headline-semi-large f-headline-semi-large--light                \"\n        >\n        <div ><strong>Twoje prawa<\/strong><\/div>\n        <\/h2>\n        \t\t\t\t<\/div>\n\t\t\t\t<\/div>\n\t\t\t\t<div class=\"elementor-element elementor-element-f20b2fc elementor-widget elementor-widget-text-editor\" data-id=\"f20b2fc\" data-element_type=\"widget\" data-e-type=\"widget\" data-widget_type=\"text-editor.default\">\n\t\t\t\t<div class=\"elementor-widget-container\">\n\t\t\t\t\t\t\t\t\t<p>W zwi\u0105zku z tym, \u017ce przetwarzamy Twoje dane osobowe w ka\u017cdej chwili mo\u017cesz:<\/p><ul><li>\u017c\u0105da\u0107 od nas dost\u0119pu do Twoich danych oraz ich sprostowania<\/li><li>cofn\u0105\u0107 wyra\u017con\u0105 zgod\u0119 na przetwarzanie danych osobowych, wysy\u0142aj\u0105c wiadomo\u015b\u0107 e-mail na nast\u0119puj\u0105cy adres:\u00a0<a href=\"mailto:rodo@future-processing.com\">rodo@future-processing.com<\/a>\u00a0oraz \u017c\u0105da\u0107 w zwi\u0105zku z tym usuni\u0119cia przez nas Twoich danych.<\/li><li>wnie\u015b\u0107 sprzeciw wobec przetwarzania przez nas Twoich danych osobowych, z przyczyn zwi\u0105zanych z Twoj\u0105 szczeg\u00f3ln\u0105 sytuacj\u0105, kt\u00f3ra powoduje, \u017ce nie chcesz aby\u015bmy przetwarzali te dane w zwi\u0105zku z naszym uzasadnionym interesem.<\/li><li>wnie\u015b\u0107 sprzeciw wobec przetwarzania przez nas Twoich danych osobowych do cel\u00f3w marketingu bezpo\u015bredniego.<\/li><li>otrzyma\u0107 od nas dane osobowe, kt\u00f3re nam dostarczy\u0142e\u015b wyra\u017caj\u0105c zgod\u0119 na ich przetwarzanie lub zawieraj\u0105c umow\u0119. Dane te otrzymasz w ustrukturyzowanym, powszechnie u\u017cywanym formacie nadaj\u0105cym si\u0119 do odczytu maszynowego oraz mo\u017cesz je przes\u0142a\u0107 innemu administratorowi (prawo do przenoszenia danych),<\/li><li>wnie\u015b\u0107 skarg\u0119 do w\u0142a\u015bciwego organu nadzorczego, je\u017celi s\u0105dzisz, \u017ce przetwarzanie przez nas Twoich danych osobowych narusza obowi\u0105zuj\u0105ce w tym zakresie przepisy.<\/li><\/ul>\t\t\t\t\t\t\t\t<\/div>\n\t\t\t\t<\/div>\n\t\t\t\t<div class=\"elementor-element elementor-element-55e37c8 elementor-widget elementor-widget-fp_header\" data-id=\"55e37c8\" data-element_type=\"widget\" data-e-type=\"widget\" data-widget_type=\"fp_header.default\">\n\t\t\t\t<div class=\"elementor-widget-container\">\n\t\t\t\t\t        <h2        class=\"f-headline-semi-large f-headline-semi-large--light                \"\n        >\n        <div ><strong>Konieczno\u015b\u0107 podania danych<\/strong><\/div>\n        <\/h2>\n        \t\t\t\t<\/div>\n\t\t\t\t<\/div>\n\t\t\t\t<div class=\"elementor-element elementor-element-e34f8c8 elementor-widget elementor-widget-text-editor\" data-id=\"e34f8c8\" data-element_type=\"widget\" data-e-type=\"widget\" data-widget_type=\"text-editor.default\">\n\t\t\t\t<div class=\"elementor-widget-container\">\n\t\t\t\t\t\t\t\t\t<p>Podanie Twoich danych osobowych jest dobrowolne, natomiast odmowa podania danych mo\u017ce skutkowa\u0107 brakiem mo\u017cliwo\u015bci nawi\u0105zania wsp\u00f3\u0142pracy. Mo\u017ce nam tak\u017ce uniemo\u017cliwi\u0107 realizacj\u0119 naszych uzasadnionych interes\u00f3w i skutkowa\u0107 brakiem z\u0142o\u017cenia oferty zgodnej z Twoimi preferencjami.<\/p>\t\t\t\t\t\t\t\t<\/div>\n\t\t\t\t<\/div>\n\t\t\t\t<div class=\"elementor-element elementor-element-dabd4ab elementor-widget elementor-widget-fp_header\" data-id=\"dabd4ab\" data-element_type=\"widget\" data-e-type=\"widget\" data-widget_type=\"fp_header.default\">\n\t\t\t\t<div class=\"elementor-widget-container\">\n\t\t\t\t\t        <h2        class=\"f-headline-semi-large f-headline-semi-large--light                \"\n        >\n        <div ><strong>Zautomatyzowane podejmowanie decyzji<\/strong><\/div>\n        <\/h2>\n        \t\t\t\t<\/div>\n\t\t\t\t<\/div>\n\t\t\t\t<div class=\"elementor-element elementor-element-494be03 elementor-widget elementor-widget-text-editor\" data-id=\"494be03\" data-element_type=\"widget\" data-e-type=\"widget\" data-widget_type=\"text-editor.default\">\n\t\t\t\t<div class=\"elementor-widget-container\">\n\t\t\t\t\t\t\t\t\t<main><section id=\"section-\" class=\"s-TextBlock  o-Margin\"><div class=\"row l-ContentColumn \"><div class=\"row s-TextBlock__Content\"><div class=\"row s-TextBlock__Columns\"><div class=\"columns o-Article\"><p>Nie b\u0119dziemy wykorzystywa\u0107 Twoich danych w celu zautomatyzowanego podejmowania decyzji, w tym profilowania.<\/p><\/div><\/div><\/div><\/div><\/section><\/main>\t\t\t\t\t\t\t\t<\/div>\n\t\t\t\t<\/div>\n\t\t\t\t\t<\/div>\n\t\t\t\t<\/div>\n\t\t\t\t<\/div>\n\t\t\t\t<\/div>\n\t\t","protected":false},"excerpt":{"rendered":"<p>Polityka prywatno\u015bci Klienci i potencjalni klienci Administrator Danych Osobowych Administratorem Twoich danych osobowych jest Future Processing S.A. z siedzib\u0105 w Gliwicach, ul. Bojkowska 37A, 44-100 Gliwice, wpisana do rejestru przedsi\u0119biorc\u00f3w przez S\u0105d Rejonowy w Gliwicach, Wydzia\u0142 X Gospodarczy KRS pod numerem KRS 0000817352, NIP 634-25-32-128, REGON 278263445. Kontakt w sprawie Twoich danych W sprawach zwi\u0105zanych [&hellip;]<\/p>\n","protected":false},"author":3,"featured_media":0,"parent":17419,"menu_order":2,"comment_status":"closed","ping_status":"closed","template":"","meta":{"_acf_changed":false,"footnotes":""},"class_list":["post-23695","page","type-page","status-publish","hentry"],"acf":[],"lang":"pl","translations":{"pl":23695,"en-gb":17498,"de":24820},"pll_sync_post":[],"_links":{"self":[{"href":"https:\/\/www.future-processing.com\/wp-json\/wp\/v2\/pages\/23695","targetHints":{"allow":["GET"]}}],"collection":[{"href":"https:\/\/www.future-processing.com\/wp-json\/wp\/v2\/pages"}],"about":[{"href":"https:\/\/www.future-processing.com\/wp-json\/wp\/v2\/types\/page"}],"author":[{"embeddable":true,"href":"https:\/\/www.future-processing.com\/wp-json\/wp\/v2\/users\/3"}],"replies":[{"embeddable":true,"href":"https:\/\/www.future-processing.com\/wp-json\/wp\/v2\/comments?post=23695"}],"version-history":[{"count":0,"href":"https:\/\/www.future-processing.com\/wp-json\/wp\/v2\/pages\/23695\/revisions"}],"up":[{"embeddable":true,"href":"https:\/\/www.future-processing.com\/wp-json\/wp\/v2\/pages\/17419"}],"wp:attachment":[{"href":"https:\/\/www.future-processing.com\/wp-json\/wp\/v2\/media?parent=23695"}],"curies":[{"name":"wp","href":"https:\/\/api.w.org\/{rel}","templated":true}]}}